
Suppose 445 = 19*i - 1037. List the prime factors of i.
2, 3, 13
Suppose 4*h - 170 - 2154 = 0. What are the prime factors of h?
7, 83
Let y(w) = -3*w - 30. Let n be y(-9). Suppose 4*f - 34 = 5*f. Let o = n - f. What are the prime factors of o?
31
Suppose -15*q - 50 = -10*q. Let g(l) = l**3 + 11*l**2 + l - 8. List the prime factors of g(q).
2, 41
Let j = 139 + 4. List the prime factors of j.
11, 13
Let g = 36 - 18. Suppose -5*c + g = c. Suppose -2 = -2*x + 8, c*j + x = 200. List the prime factors of j.
5, 13
Let l(h) = 2*h**2 + 2*h - 7. Let b be l(-3). Suppose 434 - 64 = b*z. List the prime factors of z.
2, 37
Suppose k + 2*v - 7*v = 1369, 6961 = 5*k + 4*v. List the prime factors of k.
3, 463
Suppose 10 = 4*h - 3*v + 4, 8 = 2*h - 4*v. List the prime factors of (23 + h)/(1/6).
2, 3, 23
Let y(h) = -5*h**3 - 11*h**2 + 2*h - 5. List the prime factors of y(-4).
131
Let s = -29 + 107. Suppose g - 5 = s. What are the prime factors of g?
83
Let h(j) be the second derivative of -j**5/20 + j**4/4 + j**3/3 + 4*j**2 - 9*j. Let d be h(4). Suppose -n = -d*n - 43. List the prime factors of n.
43
Let g = 1302 - 417. What are the prime factors of g?
3, 5, 59
Let m be -2*33/12 - 3/6. What are the prime factors of (m - (-60)/9)*(-228)/(-2)?
2, 19
Let t(a) = -51*a + 12. List the prime factors of t(-3).
3, 5, 11
Suppose o - c = 0, 3*o - 4*o + 2*c - 3 = 0. Let h = o - 0. Suppose -3*z = -h*u + 75, -4*u = u - z - 133. What are the prime factors of u?
3
Let g = -6440 - -4360. Let s = 3394 + g. What are the prime factors of 2/11 - s/(-33)?
2, 5
What are the prime factors of 3 + 304/1 - 4?
3, 101
Suppose 3*t + 4*g + 31 = -g, 0 = 2*g + 10. Let b be (-33)/2 + (-1)/t. Let m = -8 - b. List the prime factors of m.
2
Suppose i = 2*i + 5*i. What are the prime factors of -2 - -59 - (-1 + i) - -4?
2, 31
Let s = -1072 + 2692. List the prime factors of s.
2, 3, 5
Let z = 802 - 532. Suppose -573 = -4*a + 3*g, a + 4*g - z = -a. What are the prime factors of a?
3, 47
Let a be 27*(16/12 + -1). Suppose 1 = h - a. Suppose -246 = -4*w + h. What are the prime factors of w?
2
Suppose y = 7*n - 3*n - 238, 4*y + 1036 = -5*n. Let o = -148 - y. What are the prime factors of o?
2, 53
Let a be (-15)/(-10) + 2/4. Suppose -a*j = -j - g - 155, -445 = -3*j - 2*g. List the prime factors of j.
151
Let y(r) = r - 1. Let v be y(5). Let o(n) = -n**3 + 4*n**2 + 4*n - 9. What are the prime factors of o(v)?
7
Suppose 3*j + 3*i + 69 = 0, -3*j - 4*i = 39 + 31. List the prime factors of (-1 - -152)*j/(-22).
151
Suppose 4*u = 19*q - 22*q + 3213, 4011 = 5*u + 2*q. List the prime factors of u.
3, 89
Let v(i) be the second derivative of -5*i**3/6 - i**2/2 - 7*i. Let q(u) = -u**3 + 3*u**2 - 1. Let g be q(3). What are the prime factors of v(g)?
2
Let j = 854 + -831. What are the prime factors of j?
23
Let q be 1/(-5) - (-63)/15. Let v be (3 - 1)/(2/q). Let y = 29 - v. What are the prime factors of y?
5
Suppose 0 = -b + 1 + 6. Suppose b*j = 11*j - 260. List the prime factors of j.
5, 13
Let m(s) = -2*s**2 + 20*s + 18. Let g(b) = -3*b**2 + 40*b + 36. Let l(h) = -3*g(h) + 5*m(h). What are the prime factors of l(-13)?
73
Let g(q) = q**3 - 21*q**2 - 95*q + 58. What are the prime factors of g(27)?
1867
Let m(q) = 2*q**2 - 7*q + 2. List the prime factors of m(-12).
2, 11, 17
Let j = -582 + 1093. What are the prime factors of j?
7, 73
Suppose 10 = 5*m - 2*p, 3*p = -4*m + 4*p + 8. Suppose -31 = v - 2*i - 2*i, 47 = -m*v + 5*i. Let u = 24 + v. What are the prime factors of u?
13
Let j(k) = 5194*k**2 - 39*k + 40. List the prime factors of j(1).
5, 1039
Let q(a) = a**2 - 3*a - 13. Let s be q(6). What are the prime factors of (4/s)/(7/((-13580)/(-8)))?
2, 97
Suppose -1599 - 6591 = -15*n. List the prime factors of n.
2, 3, 7, 13
Let j(g) = -g**3 + 5*g**2 + 8*g - 2. Let h be j(6). Let u = -10 + h. Suppose u = -5*p + 127 - 17. List the prime factors of p.
2, 11
Let b be -6 + 6 + (-54)/(-3). List the prime factors of b/(-63) + (-485)/(-7).
3, 23
Suppose 3*w = -2*r - 11, 0*w + w + 15 = 5*r. Let z = 122 + -76. Suppose -r*a + l = -89, -l + 141 = 4*a - z. List the prime factors of a.
2, 23
Let h(r) = 14*r - 2. Let p(l) = -l. Let c be p(1). Let j = 3 + c. List the prime factors of h(j).
2, 13
Suppose 4*h - 5*f - 57 + 17 = 0, 3*f + 20 = 2*h. Let t(i) = -i**3 + 10*i**2 - 2*i + 13. Let a be t(h). Let r = 48 - a. List the prime factors of r.
5, 11
Let g = -1 + 0. Let j be 69*g/(-4)*4. Let b = j - 42. List the prime factors of b.
3
Suppose 0 = -3*r - c + 511, 8*c - 3*c = -2*r + 332. What are the prime factors of r?
3, 19
Let x(t) be the second derivative of -t**6/90 - 7*t**4/12 + 3*t. Let p(b) be the third derivative of x(b). What are the prime factors of p(-3)?
2, 3
Let w = 25 - 23. Suppose -w*k - 4*x - 118 = 0, -3*x + 217 = -3*k + x. Let a = k - -102. List the prime factors of a.
5, 7
Let a be ((-72)/7)/2*42/(-9). Suppose -4896 = 6*x - a*x. What are the prime factors of x?
2, 17
Suppose -2*s + 9*s - 63 = 0. Suppose -s*w = -462 - 384. List the prime factors of w.
2, 47
Let u = 505 + 148. List the prime factors of u.
653
Let l = -16 + 18. Suppose l*y = 7*y - 15. List the prime factors of y.
3
Let d(k) = 38*k**3 + 9*k**2 - 44*k + 3. What are the prime factors of d(4)?
3, 89
Let b(y) = 4*y. Let n be b(0). Suppose n = p + c - 39, -53 + 20 = -p + 2*c. Suppose o - 4*d - p = 0, -o = -d + 6*d - 37. What are the prime factors of o?
37
Let p(s) = 2*s**2 + 8*s - 31. Suppose -6*a + 23 + 25 = 0. List the prime factors of p(a).
7, 23
Let d(z) = 89*z + 109. List the prime factors of d(6).
643
Let f = -24 - -28. Suppose -3*v + f*v = 9. What are the prime factors of v/(36/88) - -1?
23
Let a = 326 - -46. Suppose 5*d - 18 = a. List the prime factors of (-8)/8 + d/2.
2, 19
What are the prime factors of -6 - (-2780)/(0 - -4)?
13, 53
Let m be (2/2 + 1)/(1 + 0). Suppose m*v = 162 + 90. List the prime factors of v.
2, 3, 7
Suppose 3*g - 4*c - 8 = 4, 5*c = -g + 4. Suppose 2*h - g*h = -6. Suppose -h*k + 9 = -24. List the prime factors of k.
11
Let x = 455 + -704. Let o = x - -360. List the prime factors of o.
3, 37
Suppose 25*y = 32*y - 14651. List the prime factors of y.
7, 13, 23
Let o(x) = -x**3 - 3*x**2 - 3*x - 10. Let b be o(-3). What are the prime factors of 193 - (-2 + 4) - (b - 0)?
2, 3
Suppose 3*l - 1757 = -j, -2*l = -5*j + 10112 - 1395. What are the prime factors of j?
5, 349
Let n(h) be the third derivative of -h**4/24 + 7*h**3/2 - 3*h**2. Let l be n(7). Let k = l - 2. List the prime factors of k.
2, 3
Suppose -2*m + 3 = -3. Suppose r + 4*i - 212 = -4*r, m*r - 128 = -2*i. Suppose 2*z - r = -12. What are the prime factors of z?
2
List the prime factors of (-7 - 2/1)*(-70 + 38).
2, 3
Let n(f) be the first derivative of -f**2/2 + 9*f + 1. Let p be n(6). Suppose 0 = 2*l - p*b - 14, 0 = -l - l + 4*b + 16. What are the prime factors of l?
2
Let o(d) = -4*d - 6. Let x be 2 + (0 + 0)/4. Suppose w = -4*w + 5*q - 70, -x*q = -3*w - 37. What are the prime factors of o(w)?
2, 3, 5
Suppose 2*v + 0*v + 5*m + 287 = 0, -4*m = 4*v + 556. Let k = v - -326. What are the prime factors of k?
2, 5, 19
Let i(z) = -z**2 + 7*z + 25. What are the prime factors of i(9)?
7
Let f(o) = 341*o - 16. List the prime factors of f(2).
2, 3, 37
Let o = 191 - -155. List the prime factors of o.
2, 173
Let r(y) = 196*y - 53. What are the prime factors of r(2)?
3, 113
Suppose 0 = 14*w + 1939 - 15645. What are the prime factors of w?
11, 89
Let l(o) = -o**2 - 5*o - 3. Let k be l(-5). Let z be 19/((4 - 2) + k). Let f = z + 32. What are the prime factors of f?
13
Let u(v) = -4*v + 4. Let w be u(-3). Suppose 25 = -5*z, 3*z + w + 19 = -4*s. Let a(b) = -2*b + 7. What are the prime factors of a(s)?
17
Suppose -4*s + 38 + 18 = 0. Let z = -10 + s. Suppose 5*g = 2*b - 37, 2*b = 3*b - z*g - 11. List the prime factors of b.
31
List the prime factors of ((-28)/(-56))/(2/7348).
11, 167
Let m be 0/(-3) - -4*1. Suppose -3*k - g + 353 + 80 = 0, 2*g = -m. List the prime factors of k.
5, 29
What are the prime factors of 8/12 + (3 - (-1956)/9)?
13, 17
Let z = -3323 - -5080. List the prime factors of z.
7, 251
Let o(k) = 537*k**2 + 180*k + 179. What are the prime factors of o(-1)?
2, 67
Let r(n) = n**2 - 7*n - 5. Let t be r(8). Suppose 0 = t*s - 8*s + 60. What are the prime factors of (-3)/(-12) + 93/s?
2
Suppose 